{"id":12,"date":"2015-05-19T15:23:12","date_gmt":"2015-05-19T13:23:12","guid":{"rendered":"http:\/\/dtlw.detmolder-loeffelweise.de\/?page_id=12"},"modified":"2025-11-04T07:09:45","modified_gmt":"2025-11-04T06:09:45","slug":"detmolder-loeffelweise","status":"publish","type":"page","link":"https:\/\/detmolder-loeffelweise.de\/","title":{"rendered":""},"content":{"rendered":"<div id=\"pl-12\" class=\"panel-layout\">\n<div id=\"pg-12-0\" class=\"panel-grid panel-no-style\">\n<div id=\"pgc-12-0-0\" class=\"panel-grid-cell\" data-weight=\"1\">\n<div id=\"panel-12-0-0-0\" class=\"so-panel widget widget_sow-editor panel-first-child panel-last-child\" data-index=\"0\" data-style=\"{&quot;background_image_attachment&quot;:false,&quot;background_display&quot;:&quot;tile&quot;,&quot;background_image_size&quot;:&quot;full&quot;,&quot;border_thickness&quot;:&quot;1px&quot;}\">\n<div class=\"so-widget-sow-editor so-widget-sow-editor-base\">\n<h3>Herzlich Willkommen!&nbsp;<\/h3>\n<h3><img loading=\"lazy\" decoding=\"async\" class=\"aligncenter wp-image-2363 size-full\" src=\"https:\/\/detmolder-loeffelweise.de\/wp-content\/uploads\/2019\/12\/Sommer_Seite_3.jpg\" alt=\"\" width=\"960\" height=\"960\" srcset=\"https:\/\/detmolder-loeffelweise.de\/wp-content\/uploads\/2019\/12\/Sommer_Seite_3.jpg 960w, https:\/\/detmolder-loeffelweise.de\/wp-content\/uploads\/2019\/12\/Sommer_Seite_3-300x300.jpg 300w, https:\/\/detmolder-loeffelweise.de\/wp-content\/uploads\/2019\/12\/Sommer_Seite_3-150x150.jpg 150w, https:\/\/detmolder-loeffelweise.de\/wp-content\/uploads\/2019\/12\/Sommer_Seite_3-768x768.jpg 768w\" sizes=\"auto, (max-width: 960px) 100vw, 960px\" \/><\/h3>\n<h3 style=\"text-align: center;\">&nbsp;<\/h3>\n<div class=\"siteorigin-widget-tinymce textwidget\">\n<p><span style=\"font-family: arial, helvetica, sans-serif; font-size: 12pt;\">Das Detmolder L\u00f6ffelweise bieten Ihnen jede Woche ein neues Angebot an frischen, selbst hergestellten <a href=\"https:\/\/detmolder-loeffelweise.de\/index.php\/loeffelgerichte\/\">L\u00f6ffelgerichten<\/a>. Von den jeweils sechs leckeren L\u00f6ffelgerichten sind immer bis zu drei <strong>vegan<\/strong> und <strong>vegetarisch<\/strong>.<\/span><\/p>\n<p><strong><span style=\"color: #ff0000; font-family: arial, helvetica, sans-serif; font-size: 12pt;\">Etwas S\u00fc\u00dfes?<\/span><\/strong><\/p>\n<p><span style=\"font-family: arial, helvetica, sans-serif; font-size: 12pt;\">Dann bekommen Sie bei uns auch jede Woche einen leckeren Nachtisch und nat\u00fcrlich unseren Milchreis, sowie immer frisch f\u00fcr Sie gepresste <a href=\"https:\/\/detmolder-loeffelweise.de\/index.php\/saefte-limonaden\/\">S\u00e4fte<\/a>. <\/span><\/p>\n<p><span style=\"font-family: arial, helvetica, sans-serif; font-size: 12pt;\"><b style=\"font-family: arial, helvetica, sans-serif; font-size: 12pt;\">Wir lieben gute Zutaten, deshalb arbeiten wir konsequent ohne Geschmacksverst\u00e4rker&nbsp;und weisen <\/b><span style=\"font-family: arial, helvetica, sans-serif;\"><span style=\"font-size: 16px;\"><b>Gluten<\/b><\/span><\/span><b style=\"font-family: arial, helvetica, sans-serif; font-size: 12pt;\"> und Lactose, sowie&nbsp;alle anderen&nbsp;Allergene&nbsp;bei&nbsp;s\u00e4mtlichen L\u00f6ffelgerichten aus.<\/b><\/span><\/p>\n<p><span style=\"font-family: arial, helvetica, sans-serif; font-size: 12pt;\">Des Weiteren&nbsp;arbeiten wir nach M\u00f6glichkeit saisonal und regional, also&nbsp;gibt<img loading=\"lazy\" decoding=\"async\" class=\"alignright wp-image-19\" src=\"http:\/\/detmolder-loeffelweise.de\/wp-content\/uploads\/2015\/05\/Kohl-263x300.jpg\" alt=\"Detmolder L\u00f6ffelweise\" width=\"248\" height=\"281\"> es im Winter bei uns zum Beispiel keine Erdbeeren und im Sommer keine Steckr\u00fcben.&nbsp;Ebenso verwenden wir nur beste <a href=\"https:\/\/detmolder-pfeffersaeckchen.de\/\" target=\"_blank\" rel=\"noopener noreferrer\">Gew\u00fcrze<\/a> ohne Streck- und F\u00fcllmittel vom <a href=\"https:\/\/detmolder-pfeffersaeckchen.de\/\">Detmolder Pfeffers\u00e4ckchen<\/a>.<\/span><\/p>\n<p style=\"text-align: justify;\"><span style=\"font-family: arial, helvetica, sans-serif; font-size: 12pt;\"><strong><span style=\"color: #ff0000;\">Genie\u00dfen unbeschwert!<br \/>\n<\/span><\/strong><\/span><\/p>\n<p style=\"text-align: left;\"><span style=\"font-family: arial, helvetica, sans-serif; font-size: 12pt;\">Wir freuen uns auf Ihren Besuch.<\/span><br \/>\n<span style=\"font-family: arial, helvetica, sans-serif; font-size: 12pt;\"> Mit l\u00f6ffeligen Gr\u00fc\u00dfen<\/span><br \/>\n<span style=\"font-family: arial, helvetica, sans-serif; font-size: 12pt;\"> Viviane Tippenhauer <\/span><span style=\"font-family: arial, helvetica, sans-serif; font-size: 12pt;\">und Ihr Detmolder L\u00f6ffelweise Team<\/span><\/p>\n<\/div>\n<\/div>\n<\/div>\n<\/div>\n<\/div>\n<\/div>\n<div data-index=\"1\" data-style=\"{&quot;background_image_attachment&quot;:false,&quot;background_display&quot;:&quot;tile&quot;,&quot;background_image_size&quot;:&quot;full&quot;,&quot;border_thickness&quot;:&quot;1px&quot;}\">&nbsp;<\/div>\n<div style=\"text-align: center;\" data-index=\"1\" data-style=\"{&quot;background_image_attachment&quot;:false,&quot;background_display&quot;:&quot;tile&quot;,&quot;background_image_size&quot;:&quot;full&quot;,&quot;border_thickness&quot;:&quot;1px&quot;}\">&nbsp;<\/div>\n<div data-index=\"1\" data-style=\"{&quot;background_image_attachment&quot;:false,&quot;background_display&quot;:&quot;tile&quot;,&quot;background_image_size&quot;:&quot;full&quot;,&quot;border_thickness&quot;:&quot;1px&quot;}\">&nbsp;<\/div>\n<div data-index=\"1\" data-style=\"{&quot;background_image_attachment&quot;:false,&quot;background_display&quot;:&quot;tile&quot;,&quot;background_image_size&quot;:&quot;full&quot;,&quot;border_thickness&quot;:&quot;1px&quot;}\">&nbsp;<\/div>\n","protected":false},"excerpt":{"rendered":"<p>Herzlich Willkommen!&nbsp; &nbsp; Das Detmolder L\u00f6ffelweise bieten Ihnen jede Woche ein neues Angebot an frischen, selbst hergestellten L\u00f6ffelgerichten. Von den jeweils sechs leckeren L\u00f6ffelgerichten sind immer bis zu drei vegan und vegetarisch. Etwas S\u00fc\u00dfes? Dann bekommen Sie bei uns auch <a class=\"more-link\" href=\"https:\/\/detmolder-loeffelweise.de\/\"><span class=\"screen-reader-text\">  <\/span> weiterlesen<span class=\"meta-nav\">&rarr;<\/span><\/a><\/p>\n","protected":false},"author":9,"featured_media":0,"parent":0,"menu_order":0,"comment_status":"closed","ping_status":"closed","template":"","meta":{"_monsterinsights_skip_tracking":false,"_monsterinsights_sitenote_active":false,"_monsterinsights_sitenote_note":"","_monsterinsights_sitenote_category":0,"ngg_post_thumbnail":0,"footnotes":""},"class_list":["post-12","page","type-page","status-publish","hentry"],"yoast_head":"<!-- This site is optimized with the Yoast SEO plugin v27.5 - https:\/\/yoast.com\/product\/yoast-seo-wordpress\/ -->\n<title>Detmolder L\u00f6ffelweise, herzlich Willkommen in der Krummen Stra\u00dfe<\/title>\n<meta name=\"description\" content=\"Beim Detmolder L\u00f6ffelweise dreht sich alles um den L\u00f6ffel. Wir bieten Ihnen jede Woche ein neues Angebot an frischen, selbst hergestellten L\u00f6ffelgerichten\" \/>\n<meta name=\"robots\" content=\"index, follow, max-snippet:-1, max-image-preview:large, max-video-preview:-1\" \/>\n<link rel=\"canonical\" href=\"https:\/\/detmolder-loeffelweise.de\/\" \/>\n<meta property=\"og:locale\" content=\"de_DE\" \/>\n<meta property=\"og:type\" content=\"article\" \/>\n<meta property=\"og:title\" content=\"Detmolder L\u00f6ffelweise, herzlich Willkommen in der Krummen Stra\u00dfe\" \/>\n<meta property=\"og:description\" content=\"Beim Detmolder L\u00f6ffelweise dreht sich alles um den L\u00f6ffel. Wir bieten Ihnen jede Woche ein neues Angebot an frischen, selbst hergestellten L\u00f6ffelgerichten\" \/>\n<meta property=\"og:url\" content=\"https:\/\/detmolder-loeffelweise.de\/\" \/>\n<meta property=\"article:publisher\" content=\"https:\/\/www.facebook.com\/Detmolder.Loeffelweise\" \/>\n<meta property=\"article:modified_time\" content=\"2025-11-04T06:09:45+00:00\" \/>\n<meta property=\"og:image\" content=\"https:\/\/detmolder-loeffelweise.de\/wp-content\/uploads\/2019\/12\/Sommer_Seite_3.jpg\" \/>\n\t<meta property=\"og:image:width\" content=\"960\" \/>\n\t<meta property=\"og:image:height\" content=\"960\" \/>\n\t<meta property=\"og:image:type\" content=\"image\/jpeg\" \/>\n<meta name=\"twitter:card\" content=\"summary_large_image\" \/>\n<meta name=\"twitter:label1\" content=\"Gesch\u00e4tzte Lesezeit\" \/>\n\t<meta name=\"twitter:data1\" content=\"2\u00a0Minuten\" \/>\n<script type=\"application\/ld+json\" class=\"yoast-schema-graph\">{\"@context\":\"https:\\\/\\\/schema.org\",\"@graph\":[{\"@type\":\"WebPage\",\"@id\":\"https:\\\/\\\/detmolder-loeffelweise.de\\\/\",\"url\":\"https:\\\/\\\/detmolder-loeffelweise.de\\\/\",\"name\":\"Detmolder L\u00f6ffelweise, herzlich Willkommen in der Krummen Stra\u00dfe\",\"isPartOf\":{\"@id\":\"https:\\\/\\\/detmolder-loeffelweise.de\\\/#website\"},\"primaryImageOfPage\":{\"@id\":\"https:\\\/\\\/detmolder-loeffelweise.de\\\/#primaryimage\"},\"image\":{\"@id\":\"https:\\\/\\\/detmolder-loeffelweise.de\\\/#primaryimage\"},\"thumbnailUrl\":\"https:\\\/\\\/detmolder-loeffelweise.de\\\/wp-content\\\/uploads\\\/2019\\\/12\\\/Sommer_Seite_3.jpg\",\"datePublished\":\"2015-05-19T13:23:12+00:00\",\"dateModified\":\"2025-11-04T06:09:45+00:00\",\"description\":\"Beim Detmolder L\u00f6ffelweise dreht sich alles um den L\u00f6ffel. Wir bieten Ihnen jede Woche ein neues Angebot an frischen, selbst hergestellten L\u00f6ffelgerichten\",\"inLanguage\":\"de\",\"potentialAction\":[{\"@type\":\"ReadAction\",\"target\":[\"https:\\\/\\\/detmolder-loeffelweise.de\\\/\"]}]},{\"@type\":\"ImageObject\",\"inLanguage\":\"de\",\"@id\":\"https:\\\/\\\/detmolder-loeffelweise.de\\\/#primaryimage\",\"url\":\"https:\\\/\\\/detmolder-loeffelweise.de\\\/wp-content\\\/uploads\\\/2019\\\/12\\\/Sommer_Seite_3.jpg\",\"contentUrl\":\"https:\\\/\\\/detmolder-loeffelweise.de\\\/wp-content\\\/uploads\\\/2019\\\/12\\\/Sommer_Seite_3.jpg\",\"width\":960,\"height\":960},{\"@type\":\"WebSite\",\"@id\":\"https:\\\/\\\/detmolder-loeffelweise.de\\\/#website\",\"url\":\"https:\\\/\\\/detmolder-loeffelweise.de\\\/\",\"name\":\"Detmolder L\u00f6ffelweise\",\"description\":\"\",\"publisher\":{\"@id\":\"https:\\\/\\\/detmolder-loeffelweise.de\\\/#organization\"},\"potentialAction\":[{\"@type\":\"SearchAction\",\"target\":{\"@type\":\"EntryPoint\",\"urlTemplate\":\"https:\\\/\\\/detmolder-loeffelweise.de\\\/?s={search_term_string}\"},\"query-input\":{\"@type\":\"PropertyValueSpecification\",\"valueRequired\":true,\"valueName\":\"search_term_string\"}}],\"inLanguage\":\"de\"},{\"@type\":\"Organization\",\"@id\":\"https:\\\/\\\/detmolder-loeffelweise.de\\\/#organization\",\"name\":\"Detmolder L\u00f6ffelweise\",\"url\":\"https:\\\/\\\/detmolder-loeffelweise.de\\\/\",\"logo\":{\"@type\":\"ImageObject\",\"inLanguage\":\"de\",\"@id\":\"https:\\\/\\\/detmolder-loeffelweise.de\\\/#\\\/schema\\\/logo\\\/image\\\/\",\"url\":\"https:\\\/\\\/detmolder-loeffelweise.de\\\/wp-content\\\/uploads\\\/2019\\\/12\\\/cropped-LOGO_DTLW.png\",\"contentUrl\":\"https:\\\/\\\/detmolder-loeffelweise.de\\\/wp-content\\\/uploads\\\/2019\\\/12\\\/cropped-LOGO_DTLW.png\",\"width\":655,\"height\":105,\"caption\":\"Detmolder L\u00f6ffelweise\"},\"image\":{\"@id\":\"https:\\\/\\\/detmolder-loeffelweise.de\\\/#\\\/schema\\\/logo\\\/image\\\/\"},\"sameAs\":[\"https:\\\/\\\/www.facebook.com\\\/Detmolder.Loeffelweise\",\"https:\\\/\\\/instagram.com\\\/detmolderloeffelweise\\\/\"]}]}<\/script>\n<!-- \/ Yoast SEO plugin. -->","yoast_head_json":{"title":"Detmolder L\u00f6ffelweise, herzlich Willkommen in der Krummen Stra\u00dfe","description":"Beim Detmolder L\u00f6ffelweise dreht sich alles um den L\u00f6ffel. Wir bieten Ihnen jede Woche ein neues Angebot an frischen, selbst hergestellten L\u00f6ffelgerichten","robots":{"index":"index","follow":"follow","max-snippet":"max-snippet:-1","max-image-preview":"max-image-preview:large","max-video-preview":"max-video-preview:-1"},"canonical":"https:\/\/detmolder-loeffelweise.de\/","og_locale":"de_DE","og_type":"article","og_title":"Detmolder L\u00f6ffelweise, herzlich Willkommen in der Krummen Stra\u00dfe","og_description":"Beim Detmolder L\u00f6ffelweise dreht sich alles um den L\u00f6ffel. Wir bieten Ihnen jede Woche ein neues Angebot an frischen, selbst hergestellten L\u00f6ffelgerichten","og_url":"https:\/\/detmolder-loeffelweise.de\/","article_publisher":"https:\/\/www.facebook.com\/Detmolder.Loeffelweise","article_modified_time":"2025-11-04T06:09:45+00:00","og_image":[{"width":960,"height":960,"url":"https:\/\/detmolder-loeffelweise.de\/wp-content\/uploads\/2019\/12\/Sommer_Seite_3.jpg","type":"image\/jpeg"}],"twitter_card":"summary_large_image","twitter_misc":{"Gesch\u00e4tzte Lesezeit":"2\u00a0Minuten"},"schema":{"@context":"https:\/\/schema.org","@graph":[{"@type":"WebPage","@id":"https:\/\/detmolder-loeffelweise.de\/","url":"https:\/\/detmolder-loeffelweise.de\/","name":"Detmolder L\u00f6ffelweise, herzlich Willkommen in der Krummen Stra\u00dfe","isPartOf":{"@id":"https:\/\/detmolder-loeffelweise.de\/#website"},"primaryImageOfPage":{"@id":"https:\/\/detmolder-loeffelweise.de\/#primaryimage"},"image":{"@id":"https:\/\/detmolder-loeffelweise.de\/#primaryimage"},"thumbnailUrl":"https:\/\/detmolder-loeffelweise.de\/wp-content\/uploads\/2019\/12\/Sommer_Seite_3.jpg","datePublished":"2015-05-19T13:23:12+00:00","dateModified":"2025-11-04T06:09:45+00:00","description":"Beim Detmolder L\u00f6ffelweise dreht sich alles um den L\u00f6ffel. Wir bieten Ihnen jede Woche ein neues Angebot an frischen, selbst hergestellten L\u00f6ffelgerichten","inLanguage":"de","potentialAction":[{"@type":"ReadAction","target":["https:\/\/detmolder-loeffelweise.de\/"]}]},{"@type":"ImageObject","inLanguage":"de","@id":"https:\/\/detmolder-loeffelweise.de\/#primaryimage","url":"https:\/\/detmolder-loeffelweise.de\/wp-content\/uploads\/2019\/12\/Sommer_Seite_3.jpg","contentUrl":"https:\/\/detmolder-loeffelweise.de\/wp-content\/uploads\/2019\/12\/Sommer_Seite_3.jpg","width":960,"height":960},{"@type":"WebSite","@id":"https:\/\/detmolder-loeffelweise.de\/#website","url":"https:\/\/detmolder-loeffelweise.de\/","name":"Detmolder L\u00f6ffelweise","description":"","publisher":{"@id":"https:\/\/detmolder-loeffelweise.de\/#organization"},"potentialAction":[{"@type":"SearchAction","target":{"@type":"EntryPoint","urlTemplate":"https:\/\/detmolder-loeffelweise.de\/?s={search_term_string}"},"query-input":{"@type":"PropertyValueSpecification","valueRequired":true,"valueName":"search_term_string"}}],"inLanguage":"de"},{"@type":"Organization","@id":"https:\/\/detmolder-loeffelweise.de\/#organization","name":"Detmolder L\u00f6ffelweise","url":"https:\/\/detmolder-loeffelweise.de\/","logo":{"@type":"ImageObject","inLanguage":"de","@id":"https:\/\/detmolder-loeffelweise.de\/#\/schema\/logo\/image\/","url":"https:\/\/detmolder-loeffelweise.de\/wp-content\/uploads\/2019\/12\/cropped-LOGO_DTLW.png","contentUrl":"https:\/\/detmolder-loeffelweise.de\/wp-content\/uploads\/2019\/12\/cropped-LOGO_DTLW.png","width":655,"height":105,"caption":"Detmolder L\u00f6ffelweise"},"image":{"@id":"https:\/\/detmolder-loeffelweise.de\/#\/schema\/logo\/image\/"},"sameAs":["https:\/\/www.facebook.com\/Detmolder.Loeffelweise","https:\/\/instagram.com\/detmolderloeffelweise\/"]}]}},"_links":{"self":[{"href":"https:\/\/detmolder-loeffelweise.de\/index.php\/wp-json\/wp\/v2\/pages\/12","targetHints":{"allow":["GET"]}}],"collection":[{"href":"https:\/\/detmolder-loeffelweise.de\/index.php\/wp-json\/wp\/v2\/pages"}],"about":[{"href":"https:\/\/detmolder-loeffelweise.de\/index.php\/wp-json\/wp\/v2\/types\/page"}],"author":[{"embeddable":true,"href":"https:\/\/detmolder-loeffelweise.de\/index.php\/wp-json\/wp\/v2\/users\/9"}],"replies":[{"embeddable":true,"href":"https:\/\/detmolder-loeffelweise.de\/index.php\/wp-json\/wp\/v2\/comments?post=12"}],"version-history":[{"count":116,"href":"https:\/\/detmolder-loeffelweise.de\/index.php\/wp-json\/wp\/v2\/pages\/12\/revisions"}],"predecessor-version":[{"id":4509,"href":"https:\/\/detmolder-loeffelweise.de\/index.php\/wp-json\/wp\/v2\/pages\/12\/revisions\/4509"}],"wp:attachment":[{"href":"https:\/\/detmolder-loeffelweise.de\/index.php\/wp-json\/wp\/v2\/media?parent=12"}],"curies":[{"name":"wp","href":"https:\/\/api.w.org\/{rel}","templated":true}]}}